 to base 10
536737
15372 (base 15) to base 14
1ac54
Convert 1313224420 (base 5) to base 4.
30123123332
Convert -1064725 (base 9) to base 16.
-8c369
Convert -17416133 (base 8) to base 3.
-21122210122221
Convert 65b45a (base 14) to base 10.
3450072
What is -271427 (base 9) in base 12?
-7b667
Convert -2a092 (base 14) to base 15.
-20e00
What is -3132332210 (base 4) in base 2?
-11011110111110100100
-ab7934 (base 12) to base 10
-2729848
-423b83 (base 12) to base 6
-34211443
Convert 43965 (base 13) to base 11.
83a99
Convert 10321131 (base 5) to base 2.
10101101101010100
Convert -11230103332 (base 4) to base 10.
-1492222
What is -55473 (base 9) in base 14?
-d5d6
Convert -25416500 (base 7) to base 4.
-20303102333
What is -a60107 (base 13) in base 11?
-2213509
Convert 3331124301 (base 5) to base 13.
1681580
-72517 (base 9) to base 11
-32a10
What is 6643445 (base 7) in base 13?
2281b2
What is 2222201221001 (base 3) in base 13?
438448
Convert -686682 (base 9) to base 5.
-101133331
What is -a99775 (base 13) in base 5?
-2010203111
2a324 (base 12) to base 5
3343322
102233102 (base 4) to base 5
4424004
Convert -d227ce (base 16) to base 3.
-221220201122212
Convert -b97727 (base 12) to base 15.
-3d02e1
-111202020222 (base 3) to base 5
-32130042
10010011000110110110 (base 2) to base 13
181350
What is -20b979b (base 12) in base 6?
-341125115
-111001010011100001101 (base 2) to base 14
-36c469
Convert -10102121001 (base 3) to base 11.
-46795
What is 1014111 (base 6) in base 16?
bedb
38ba76 (base 13) to base 9
2514876
-11100010011100101 (base 2) to base 14
-30377
What is 440331 (base 8) in base 13?
522a6
Convert 306938 (base 13) to base 7.
12410315
144401301 (base 5) to base 12
316506
Convert 1b32a1 (base 14) to base 9.
1736400
What is -62678 (base 10) in base 3?
-10011222102
What is -33667246 (base 8) in base 9?
-14660526
Convert acb88 (base 16) to base 4.
2230232020
What is 191c7 (base 14) in base 16?
f7fb
1134774 (base 8) to base 3
120201220110
Convert -bb81ba (base 14) to base 11.
-3655094
557033 (base 8) to base 15
3aa3b
What is -b407aa (base 14) in base 16?
-5ca3d2
300054001 (base 6) to base 4
103033332301
Convert 32201340 (base 5) to base 4.
1002123133
What is 8b6169 (base 14) in base 3?
22220220200201
What is -a3293 (base 15) in base 14?
-d657d
Convert -264051 (base 8) to base 4.
-112200221
2135505 (base 6) to base 3
12101201212
Convert -15131303 (base 8) to base 10.
-3453635
-21352532 (base 7) to base 15
-2619e5
-110601 (base 9) to base 3
-10100200001
Convert 18b04 (base 15) to base 11.
55202
What is -4341132213 (base 5) in base 12?
-3154300
What is 38071 (base 12) in base 9?
125364
What is -110022012211 (base 3) in base 5?
-30222220
What is -1332033 (base 6) in base 9?
-122853
-112120200200220 (base 3) to base 11
-4412a82
What is 20524 (base 11) in base 4?
13103121
What is 301452244 (base 6) in base 5?
2302423440
Convert -11001101011010110 (base 2) to base 10.
-105174
-90ebd7 (base 15) to base 16
-690bce
Convert 5345305 (base 8) to base 3.
2200120002000
-10202110112200 (base 3) to base 15
-296b1c
What is -1111000001010 (base 2) in base 8?
-17012
Convert 10130121313 (base 4) to base 16.
11c677
-1173042 (base 8) to base 10
-325154
What is 4c2cc (base 13) in base 2?
100010011100111010
Convert -4821a (base 11) to base 8.
-207543
190775 (base 16) to base 12
671305
Convert 45151 (base 15) to base 10.
219676
What is -e7796 (base 15) in base 10?
-734091
-120054031 (base 6) to base 2
-1000100100100011000011
26306422 (base 7) to base 15
327bd1
What is -159532 (base 10) in base 3?
-22002211121
-12140115 (base 7) to base 14
-203745
What is -2831c2 (base 13) in base 8?
-3566110
What is -20453102 (base 8) in base 11?
-24aa345
What is 461c7 (base 16) in base 2?
1000110000111000111
Convert -25611065 (base 8) to base 16.
-571235
What is -373557 (base 9) in base 7?
-1630033
What is -1010301 (base 6) in base 4?
-23232331
-10512144 (base 6) to base 12
-135654
10430212 (base 5) to base 9
150861
Convert 11000120012122 (base 3) to base 5.
1021334401
Convert -138662 (base 10) to base 11.
-951a7
Convert -200010221100 (base 3) to base 16.
-5732d
-1300012 (base 7) to base 11
-10530a
-27574667 (base 8) to base 16
-5ef9b7
What is 10323112202 (base 4) in base 8?
4732642
Convert 14100022 (base 5) to base 12.
6b242
Convert -67b0b (base 15) to base 4.
-1100202011
What is -490a5 (base 12) in base 5?
-11123441
Convert -7617c (base 14) to base 8.
-1055762
What is 2142520 (base 6) in base 13?
3986a
3220332130 (base 4) to base 13
275473
-9621 (base 13) to base 9
-31486
What is -1da83 (base 15) in base 8?
-275151
101100011110 (base 3) to base 5
23003021
140448 (base 9) to base 2
10100111010011101
-23312323002 (base 4) to base 7
-35264550
Convert -364047 (base 9) to base 8.
-654520
Convert -1342341333 (base 5) to base 16.
-351d0b
What is -131321553 (base 6) in base 5?
-1130424204
Convert 1129d (base 16) to base 8.
211235
Convert -243211400 (base 5) to base 6.
-40333313
Convert 3102300 (base 6) to base 3.
21112102000
Convert -212000011021 (base 3) to base 6.
-13412224
Convert -4023001324 (base 5) to base 11.
-4585467
What is -32310434 (base 5) in base 9?
-460222
What is -a0005d (base 15) in base 4?
-130331331232
Convert 2e9a8 (base 15) to base 16.
24c9b
What is a8cadc (base 15) in base 16?
7ab4eb
11010000101010010 (base 2) to base 16
1a152
235031 (base 7) to base 9
64332
-2122855 (base 11) to base 16
-390639
-1717834 (base 11) to base 9
-5445726
Convert 100001110100101011101011 (base 2) to base 3.
121200110121100
b9ac06 (base 13) to base 3
22012210000220
-1b01441 (base 12) to base 11
-3260710
What is -106821 (base 9) in base 13?
-23230
What is -245200140 (base 6) in base 2?
-10010000010010000111100
What is -12223232 (base 5) in base 3?
-12221221002
-44121312 (base 5) to base 4
-1130222332
Convert 82143 (base 10) to base 9.
134610
29362 (base 11) to base 14
112a0
306860 (base 9) to base 4
230133033
3406261 (base 8) to base 4
3200302301
What is -2b634 (base 14) in base 5?
-11430423
Convert 500b2 (base 12) to base 5.
11310224
What is 2012342 (base 5) in base 4?
13313132
841644 (base 10) to base 4
3031132230
-4332234 (base 7) to base 6
-15201113
What is -846578 (base 10) in base 3?
-1121000021202
-1010000001011101110011 (base 2) to base 4
-22001131303
What is -33232020022 (base 4) in base 3?
-21202101002021
Convert -320323 (base 8) to base 12.
-51903
Convert -111111010011011100 (base 2) to base 3.
-111011200102
What is -54ab24 (base 13) in base 5?
-1002311233
Convert 233303321123 (base 4) to base 8.
57637133
-965a21a (base 11) to base 9
-34875613
Convert 322643530 (base 7) to base 4.
1021211013100
31507653 (base 8) to base 13
15144b9
What is -43259 (base 14) in base 2?
-100111101000111111
What is 2223030030 (base 4) in base 15?
dcb66
Convert -33b941 (base 12) to base 11.
-516979
Convert -7c50a (base 13) to base 2.
-110111011101001010
What is -14212501 (base 7) in base 8?
-5047616
What is -429916 (base 13) in base 2?
-101111101101111010111
40442111 (base 6) to base 11
71a9a0
Convert -201012211101 (base 3) to base 10.
-378226
Convert 6316073 (base 10) to base 4.
120012000221
Convert -13151210 (base 7) to base 10.
-1205750
What is -100110001011100101110 (base 2) in base 11?
-784a90
-7236653 (base 9) to base 14
-727a08
Convert 21471 (base 14) to base 12.
3a68b
100001111010101010100001 (base 2) to base 11
5022a75
Convert -102122000311 (base 4) to base 6.
-251230341
What is 8ae10 (base 15) in base 3?
211110012020
Convert 21bb3c (base 16) to base 11.
127a965
-139762 (base 10) to base 6
-2555014
-110111021111102 (base 3) to base 7
-110266424
Convert -85038 (base 11) to base 2.
-11110001110110000
74d89 (base 15) to base 6
11541133
1a0887 (base 14) to base 4
3201200113
What is -1011050 (base 9) in base 11?
-338877
32146 (base 13) to base 15
1bb54
What is 201221102210 (base 3) in base 2?
1011111110101001000
What is -195263a (base 11) in base 5?
-1321011111
Convert 304044210 (base 5) to base 16.
12e1b6
dc6ea (base 15) to base 2
10101010111100100011
-174630 (base 9) to base 12
-52899
-306217 (base 8) to base 5
-11222034
22096 (base 16) to base 4
202002112
Convert -22111200022 (base 3) to base 5.
-20324220
What is -1c21a (base 14) in base 7?
-416133
Convert 100104205 (base 7) to base 10.
5783083
324131052 (ba